or of 254 and 22220174?
254
What is the greatest common factor of 1868 and 389945?
467
Calculate the highest common divisor of 945 and 18305.
35
Calculate the greatest common factor of 8792 and 748.
4
Calculate the greatest common factor of 918 and 1960848.
918
What is the highest common divisor of 10767 and 5820?
291
What is the highest common factor of 200 and 155400?
200
What is the greatest common factor of 234 and 28197?
117
What is the highest common divisor of 129 and 2537?
43
Calculate the greatest common divisor of 1855 and 62275.
265
What is the highest common divisor of 6840 and 1160?
40
Calculate the greatest common divisor of 60 and 40884.
12
What is the greatest common factor of 252 and 528500?
28
What is the highest common factor of 98826 and 42?
42
Calculate the greatest common divisor of 2650 and 450.
50
Calculate the highest common divisor of 2628 and 13716.
36
What is the greatest common divisor of 1989 and 39559?
221
Calculate the greatest common divisor of 11449720 and 40.
40
Calculate the highest common factor of 546502 and 22.
22
Calculate the greatest common divisor of 3325 and 135600.
25
Calculate the greatest common factor of 369 and 5949.
9
What is the greatest common divisor of 930 and 14446?
62
Calculate the highest common factor of 131120 and 11.
11
Calculate the highest common divisor of 3910264 and 16.
8
Calculate the highest common divisor of 11400 and 5244.
228
Calculate the highest common divisor of 4257 and 1309.
11
Calculate the greatest common divisor of 489 and 2626093.
163
What is the highest common factor of 77 and 111287?
11
What is the greatest common divisor of 1336 and 526217?
167
What is the greatest common divisor of 33154 and 77?
11
Calculate the highest common divisor of 1097459 and 8811.
979
What is the highest common divisor of 18 and 8574?
6
What is the highest common factor of 187137 and 7047?
783
What is the greatest common divisor of 1096 and 1370?
274
What is the greatest common factor of 12675 and 130?
65
What is the highest common divisor of 1400 and 50575?
175
Calculate the highest common divisor of 742915 and 465.
155
Calculate the highest common divisor of 30588 and 7764.
12
What is the greatest common factor of 1888 and 15458?
118
What is the greatest common factor of 2928 and 15216?
48
What is the greatest common divisor of 4045 and 1525?
5
Calculate the highest common factor of 40824 and 7587.
27
Calculate the greatest common divisor of 327 and 1192024.
109
What is the greatest common divisor of 261 and 4189659?
87
Calculate the greatest common divisor of 39717 and 189.
27
What is the greatest common divisor of 12 and 1948050?
6
What is the highest common divisor of 269467 and 51?
17
Calculate the highest common factor of 56 and 3241.
7
Calculate the greatest common factor of 780 and 842790.
390
Calculate the greatest common divisor of 527172 and 144.
12
What is the highest common factor of 996775 and 325?
325
Calculate the highest common divisor of 7111 and 3666.
13
Calculate the greatest common divisor of 735 and 17150.
245
What is the greatest common divisor of 5533 and 617684?
503
Calculate the greatest common divisor of 2272852 and 424.
212
What is the greatest common factor of 801 and 1980?
9
What is the greatest common divisor of 16 and 502776?
8
Calculate the greatest common factor of 17 and 14721.
1
Calculate the greatest common divisor of 7511 and 6090.
203
What is the highest common divisor of 13648 and 36?
4
Calculate the highest common divisor of 476100 and 2484.
828
What is the highest common factor of 945 and 2764440?
315
Calculate the greatest common divisor of 747 and 11871.
9
What is the highest common factor of 3217446 and 444?
222
Calculate the greatest common divisor of 37765 and 247.
13
What is the highest common factor of 114 and 3528?
6
Calculate the greatest common divisor of 5090 and 256.
2
Calculate the greatest common factor of 12430544 and 1312.
656
What is the highest common factor of 570 and 164310?
30
What is the greatest common divisor of 59 and 16626436?
59
Calculate the highest common divisor of 118480 and 40.
40
Calculate the greatest common divisor of 9687280 and 16.
16
Calculate the greatest common divisor of 252 and 280308.
84
Calculate the greatest common factor of 236 and 1647988.
236
Calculate the highest common factor of 9632 and 448.
224
What is the highest common factor of 8155 and 14213?
233
What is the greatest common divisor of 30076 and 12?
4
Calculate the greatest common divisor of 4778 and 5.
1
Calculate the greatest common divisor of 210 and 1035930.
210
Calculate the highest common factor of 368415 and 297.
27
What is the highest common factor of 232484 and 700?
28
What is the highest common divisor of 1791 and 923161?
199
Calculate the greatest common factor of 294 and 34741.
49
What is the greatest common divisor of 195 and 9645?
15
What is the greatest common divisor of 8064 and 128?
128
What is the greatest common factor of 813 and 701619?
813
Calculate the highest common factor of 26894 and 3298.
34
Calculate the greatest common factor of 275 and 296975.
25
Calculate the highest common divisor of 795 and 351885.
15
Calculate the greatest common divisor of 313210 and 390.
10
Calculate the highest common factor of 35373 and 7293.
39
What is the greatest common divisor of 16530 and 241860?
870
What is the highest common divisor of 1296 and 43920?
144
Calculate the highest common divisor of 675136 and 392.
56
What is the highest common divisor of 1221 and 4653?
33
What is the greatest common divisor of 25521 and 1128?
141
What is the greatest common factor of 32 and 529696?
32
Calculate the highest common factor of 19800 and 297.
99
Calculate the highest common divisor of 200 and 16360.
40
What is the highest common divisor of 8106 and 9071?
193
Calculate the greatest common factor of 408 and 18072.
24
What is the greatest common factor of 345 and 55065?
15
What is the greatest common factor of 117540 and 63?
9
What is the greatest common divisor of 4056 and 385827?
507
What is the highest common divisor of 16434 and 759?
33
Calculate the greatest common divisor of 4428 and 1066.
82
Calculate the highest common divisor of 20228 and 78.
26
What is the highest common factor of 26047 and 7?
7
Calculate the highest common divisor of 155144 and 13717.
473
What is the greatest common divisor of 75296 and 12308?
724
Calculate the greatest common divisor of 130 and 341146.
26
Calculate the greatest common divisor of 4473 and 126.
63
Calculate the greatest common factor of 125883 and 985.
197
Calculate the highest common divisor of 18 and 1290.
6
Calculate the highest common factor of 2375 and 9875.
125
What is the greatest common divisor of 37238 and 344?
86
What is the highest common divisor of 49 and 561078?
7
What is the greatest common divisor of 35098 and 6104?
1526
What is the greatest common divisor of 1 and 2867077?
1
What is the greatest common divisor of 558 and 223913?
31
Calculate the greatest common divisor of 854296 and 56.
8
What is the highest common factor of 84937 and 8164?
157
Calculate the highest common factor of 16 and 7153712.
16
What is the greatest common factor of 324 and 2152?
4
Calculate the greatest common divisor of 165087 and 234.
117
What is the highest common factor of 16 and 67664?
16
What is the greatest common divisor of 27225 and 18?
9
Calculate the greatest common factor of 400 and 387808.
16
What is the highest common divisor of 3723 and 7701?
51
Calculate the highest common divisor of 7974 and 180.
18
Calculate the greatest common divisor of 3020 and 1030.
10
What is the greatest common factor of 126 and 2178225?
63
Calculate the highest common divisor of 24 and 92467.
1
Calculate the highest common divisor of 8809 and 27959.
383
What is the highest common divisor of 2085 and 1380965?
695
Calculate the highest common factor of 82755 and 45.
45
What is the highest common divisor of 1211 and 346?
173
Calculate the greatest common factor of 4 and 1836.
4
Calculate the highest common factor of 200100 and 1392.
348
Calculate the greatest common factor of 10286 and 2368.
74
Calculate the greatest common divisor of 152 and 176776.
152
Calculate the greatest common divisor of 81972 and 348.
12
Calcu